{"id":7374,"date":"2025-11-28T15:40:47","date_gmt":"2025-11-28T14:40:47","guid":{"rendered":"https:\/\/livar.nl\/?post_type=review&#038;p=7374"},"modified":"2025-11-28T15:46:52","modified_gmt":"2025-11-28T14:46:52","slug":"by-taste","status":"publish","type":"review","link":"https:\/\/livar.nl\/de\/review\/by-taste\/","title":{"rendered":"Bart Pluymaekers &amp; Romana Ritzen"},"content":{"rendered":"<div data-elementor-type=\"wp-post\" data-elementor-id=\"7374\" class=\"elementor elementor-7374\" data-elementor-post-type=\"review\">\n\t\t\t\t<div class=\"elementor-element elementor-element-bff861b e-flex e-con-boxed e-con e-parent\" data-id=\"bff861b\" data-element_type=\"container\" data-e-type=\"container\" data-settings=\"{&quot;background_background&quot;:&quot;classic&quot;}\">\n\t\t\t\t\t<div class=\"e-con-inner\">\n\t\t\t\t<div class=\"elementor-element elementor-element-aa60ee1 elementor-widget__width-initial elementor-widget elementor-widget-heading\" data-id=\"aa60ee1\" data-element_type=\"widget\" data-e-type=\"widget\" data-widget_type=\"heading.default\">\n\t\t\t\t<div class=\"elementor-widget-container\">\n\t\t\t\t\t<h1 class=\"elementor-heading-title elementor-size-default\">Livar trifft Restaurant By Taste<\/h1>\t\t\t\t<\/div>\n\t\t\t\t<\/div>\n\t\t\t\t<div class=\"elementor-element elementor-element-62171ae elementor-widget elementor-widget-spacer\" data-id=\"62171ae\" data-element_type=\"widget\" data-e-type=\"widget\" data-widget_type=\"spacer.default\">\n\t\t\t\t<div class=\"elementor-widget-container\">\n\t\t\t\t\t\t\t<div class=\"elementor-spacer\">\n\t\t\t<div class=\"elementor-spacer-inner\"><\/div>\n\t\t<\/div>\n\t\t\t\t\t\t<\/div>\n\t\t\t\t<\/div>\n\t\t\t\t\t<\/div>\n\t\t\t\t<\/div>\n\t\t<div class=\"elementor-element elementor-element-46cacf7 e-flex e-con-boxed e-con e-parent\" data-id=\"46cacf7\" data-element_type=\"container\" data-e-type=\"container\">\n\t\t\t\t\t<div class=\"e-con-inner\">\n\t\t<div class=\"elementor-element elementor-element-ee35bb0 e-con-full e-flex e-con e-child\" data-id=\"ee35bb0\" data-element_type=\"container\" data-e-type=\"container\">\n\t\t<div class=\"elementor-element elementor-element-ce4ea90 e-con-full e-flex elementor-invisible e-con e-child\" data-id=\"ce4ea90\" data-element_type=\"container\" data-e-type=\"container\" data-settings=\"{&quot;animation&quot;:&quot;fadeInLeft&quot;,&quot;animation_delay&quot;:200}\">\n\t\t\t\t<div class=\"elementor-element elementor-element-c327c1c elementor-widget elementor-widget-heading\" data-id=\"c327c1c\" data-element_type=\"widget\" data-e-type=\"widget\" data-widget_type=\"heading.default\">\n\t\t\t\t<div class=\"elementor-widget-container\">\n\t\t\t\t\t<h2 class=\"elementor-heading-title elementor-size-default\"><i>'Wir arbeiten mit sorgf\u00e4ltig ausgew\u00e4hlten Qualit\u00e4tsprodukten aus der Region, kombiniert mit weltlichen Geschmacksrichtungen.'<\/i><\/h2>\t\t\t\t<\/div>\n\t\t\t\t<\/div>\n\t\t\t\t<div class=\"elementor-element elementor-element-59584ca elementor-widget elementor-widget-text-editor\" data-id=\"59584ca\" data-element_type=\"widget\" data-e-type=\"widget\" data-widget_type=\"text-editor.default\">\n\t\t\t\t<div class=\"elementor-widget-container\">\n\t\t\t\t\t\t\t\t\t<p><strong>Bart Pluymaekers &amp; Romana Ritzen - <a href=\"https:\/\/www.by-taste.nl\/\" rel=\"noopener\">Restaurant nach Geschmack<\/a><\/strong><\/p>\t\t\t\t\t\t\t\t<\/div>\n\t\t\t\t<\/div>\n\t\t\t\t<div class=\"elementor-element elementor-element-09a0792 elementor-widget elementor-widget-text-editor\" data-id=\"09a0792\" data-element_type=\"widget\" data-e-type=\"widget\" data-widget_type=\"text-editor.default\">\n\t\t\t\t<div class=\"elementor-widget-container\">\n\t\t\t\t\t\t\t\t\t<p>In der K\u00fcche arbeiten wir mit sorgf\u00e4ltig ausgew\u00e4hlten, frischen Qualit\u00e4tsprodukten aus der Region, aus niederl\u00e4ndischem Boden und von der Nordsee. Die Gerichte bestehen aus weltlichen Geschmacksrichtungen von asiatisch bis klassisch franz\u00f6sisch und werden mit vielen verschiedenen Techniken zubereitet. Deshalb arbeiten wir auch gerne mit Livar-Fleisch. Vom Amuse bouche bis zu den Pralinen wird alles von unserem K\u00fcchenteam selbst hergestellt. Wir hoffen, dass unsere G\u00e4ste diese Liebe und Leidenschaft schmecken, sehen, riechen, h\u00f6ren und erleben. Bei allem, was wir anbieten, streben wir immer nach dem Besten f\u00fcr unsere G\u00e4ste.<\/p>\t\t\t\t\t\t\t\t<\/div>\n\t\t\t\t<\/div>\n\t\t\t\t<div class=\"elementor-element elementor-element-52dfcb4 elementor-mobile-align-left elementor-widget elementor-widget-button\" data-id=\"52dfcb4\" data-element_type=\"widget\" data-e-type=\"widget\" data-widget_type=\"button.default\">\n\t\t\t\t<div class=\"elementor-widget-container\">\n\t\t\t\t\t\t\t\t\t<div class=\"elementor-button-wrapper\">\n\t\t\t\t\t<a class=\"elementor-button elementor-button-link elementor-size-sm\" href=\"https:\/\/livar.nl\/de\/samenwerken-met-livar\/\">\n\t\t\t\t\t\t<span class=\"elementor-button-content-wrapper\">\n\t\t\t\t\t\t\t\t\t<span class=\"elementor-button-text\">Arbeiten Sie auch mit Livar?<\/span>\n\t\t\t\t\t<\/span>\n\t\t\t\t\t<\/a>\n\t\t\t\t<\/div>\n\t\t\t\t\t\t\t\t<\/div>\n\t\t\t\t<\/div>\n\t\t\t\t<\/div>\n\t\t<div class=\"elementor-element elementor-element-cff5753 e-con-full e-flex elementor-invisible e-con e-child\" data-id=\"cff5753\" data-element_type=\"container\" data-e-type=\"container\" data-settings=\"{&quot;background_background&quot;:&quot;classic&quot;,&quot;animation&quot;:&quot;fadeInRight&quot;,&quot;animation_delay&quot;:300}\">\n\t\t\t\t<\/div>\n\t\t\t\t<\/div>\n\t\t\t\t\t<\/div>\n\t\t\t\t<\/div>\n\t\t<div class=\"elementor-element elementor-element-e9ce5f8 e-flex e-con-boxed e-con e-parent\" data-id=\"e9ce5f8\" data-element_type=\"container\" data-e-type=\"container\" data-settings=\"{&quot;background_background&quot;:&quot;classic&quot;}\">\n\t\t\t\t\t<div class=\"e-con-inner\">\n\t\t<div data-tp-sc-link=\"https:\/\/www.youtube.com\/watch?v=ER2tFNAgtDM\" data-tp-sc-link-external=\"on\" style=\"cursor: pointer\" class=\"elementor-element elementor-element-6dd10d1 e-con-full e-flex e-con e-child\" data-id=\"6dd10d1\" data-element_type=\"container\" data-e-type=\"container\" data-settings=\"{&quot;background_background&quot;:&quot;video&quot;,&quot;background_video_link&quot;:&quot;https:\\\/\\\/www.youtube.com\\\/watch?v=ER2tFNAgtDM&quot;,&quot;background_video_start&quot;:1,&quot;background_video_end&quot;:99,&quot;background_play_on_mobile&quot;:&quot;yes&quot;}\">\n\t\t<div class=\"elementor-background-video-container\">\n\t\t\t\t\t\t\t<div class=\"elementor-background-video-embed\" role=\"presentation\"><\/div>\n\t\t\t\t\t\t<\/div>\t\t<\/div>\n\t\t\t\t\t<\/div>\n\t\t\t\t<\/div>\n\t\t\t\t<\/div>","protected":false},"featured_media":7392,"template":"","meta":{"_acf_changed":false},"review_categorie":[45],"class_list":["post-7374","review","type-review","status-publish","has-post-thumbnail","hentry","review_categorie-chef"],"acf":[],"_links":{"self":[{"href":"https:\/\/livar.nl\/de\/wp-json\/wp\/v2\/review\/7374","targetHints":{"allow":["GET"]}}],"collection":[{"href":"https:\/\/livar.nl\/de\/wp-json\/wp\/v2\/review"}],"about":[{"href":"https:\/\/livar.nl\/de\/wp-json\/wp\/v2\/types\/review"}],"version-history":[{"count":13,"href":"https:\/\/livar.nl\/de\/wp-json\/wp\/v2\/review\/7374\/revisions"}],"predecessor-version":[{"id":7400,"href":"https:\/\/livar.nl\/de\/wp-json\/wp\/v2\/review\/7374\/revisions\/7400"}],"wp:featuredmedia":[{"embeddable":true,"href":"https:\/\/livar.nl\/de\/wp-json\/wp\/v2\/media\/7392"}],"wp:attachment":[{"href":"https:\/\/livar.nl\/de\/wp-json\/wp\/v2\/media?parent=7374"}],"wp:term":[{"taxonomy":"review_categorie","embeddable":true,"href":"https:\/\/livar.nl\/de\/wp-json\/wp\/v2\/review_categorie?post=7374"}],"curies":[{"name":"wp","href":"https:\/\/api.w.org\/{rel}","templated":true}]}}

<div data-elementor-type="wp-post" data-elementor-id="7374" class="elementor elementor-7374" data-elementor-post-type="review">
				<div class="elementor-element elementor-element-bff861b e-flex e-con-boxed e-con e-parent" data-id="bff861b" data-element_type="container" data-e-type="container" data-settings="{&quot;background_background&quot;:&quot;classic&quot;}">
					<div class="e-con-inner">
				<div class="elementor-element elementor-element-aa60ee1 elementor-widget__width-initial elementor-widget elementor-widget-heading" data-id="aa60ee1" data-element_type="widget" data-e-type="widget" data-widget_type="heading.default">
				<div class="elementor-widget-container">
					<h1 class="elementor-heading-title elementor-size-default">Livar trifft Restaurant By Taste</h1>				</div>
				</div>
				<div class="elementor-element elementor-element-62171ae elementor-widget elementor-widget-spacer" data-id="62171ae" data-element_type="widget" data-e-type="widget" data-widget_type="spacer.default">
				<div class="elementor-widget-container">
							<div class="elementor-spacer">
			<div class="elementor-spacer-inner"></div>
		</div>
						</div>
				</div>
					</div>
				</div>
		<div class="elementor-element elementor-element-46cacf7 e-flex e-con-boxed e-con e-parent" data-id="46cacf7" data-element_type="container" data-e-type="container">
					<div class="e-con-inner">
		<div class="elementor-element elementor-element-ee35bb0 e-con-full e-flex e-con e-child" data-id="ee35bb0" data-element_type="container" data-e-type="container">
		<div class="elementor-element elementor-element-ce4ea90 e-con-full e-flex elementor-invisible e-con e-child" data-id="ce4ea90" data-element_type="container" data-e-type="container" data-settings="{&quot;animation&quot;:&quot;fadeInLeft&quot;,&quot;animation_delay&quot;:200}">
				<div class="elementor-element elementor-element-c327c1c elementor-widget elementor-widget-heading" data-id="c327c1c" data-element_type="widget" data-e-type="widget" data-widget_type="heading.default">
				<div class="elementor-widget-container">
					<h2 class="elementor-heading-title elementor-size-default"><i>'Wir arbeiten mit sorgfältig ausgewählten Qualitätsprodukten aus der Region, kombiniert mit weltlichen Geschmacksrichtungen.'</i></h2>				</div>
				</div>
				<div class="elementor-element elementor-element-59584ca elementor-widget elementor-widget-text-editor" data-id="59584ca" data-element_type="widget" data-e-type="widget" data-widget_type="text-editor.default">
				<div class="elementor-widget-container">
									<p><strong>Bart Pluymaekers &amp; Romana Ritzen - <a href="https://www.by-taste.nl/" rel="noopener">Restaurant nach Geschmack</a></strong></p>								</div>
				</div>
				<div class="elementor-element elementor-element-09a0792 elementor-widget elementor-widget-text-editor" data-id="09a0792" data-element_type="widget" data-e-type="widget" data-widget_type="text-editor.default">
				<div class="elementor-widget-container">
									<p>In der Küche arbeiten wir mit sorgfältig ausgewählten, frischen Qualitätsprodukten aus der Region, aus niederländischem Boden und von der Nordsee. Die Gerichte bestehen aus weltlichen Geschmacksrichtungen von asiatisch bis klassisch französisch und werden mit vielen verschiedenen Techniken zubereitet. Deshalb arbeiten wir auch gerne mit Livar-Fleisch. Vom Amuse bouche bis zu den Pralinen wird alles von unserem Küchenteam selbst hergestellt. Wir hoffen, dass unsere Gäste diese Liebe und Leidenschaft schmecken, sehen, riechen, hören und erleben. Bei allem, was wir anbieten, streben wir immer nach dem Besten für unsere Gäste.</p>								</div>
				</div>
				<div class="elementor-element elementor-element-52dfcb4 elementor-mobile-align-left elementor-widget elementor-widget-button" data-id="52dfcb4" data-element_type="widget" data-e-type="widget" data-widget_type="button.default">
				<div class="elementor-widget-container">
									<div class="elementor-button-wrapper">
					<a class="elementor-button elementor-button-link elementor-size-sm" href="https://livar.nl/de/samenwerken-met-livar/">
						<span class="elementor-button-content-wrapper">
									<span class="elementor-button-text">Arbeiten Sie auch mit Livar?</span>
					</span>
					</a>
				</div>
								</div>
				</div>
				</div>
		<div class="elementor-element elementor-element-cff5753 e-con-full e-flex elementor-invisible e-con e-child" data-id="cff5753" data-element_type="container" data-e-type="container" data-settings="{&quot;background_background&quot;:&quot;classic&quot;,&quot;animation&quot;:&quot;fadeInRight&quot;,&quot;animation_delay&quot;:300}">
				</div>
				</div>
					</div>
				</div>
		<div class="elementor-element elementor-element-e9ce5f8 e-flex e-con-boxed e-con e-parent" data-id="e9ce5f8" data-element_type="container" data-e-type="container" data-settings="{&quot;background_background&quot;:&quot;classic&quot;}">
					<div class="e-con-inner">
		<div data-tp-sc-link="https://www.youtube.com/watch?v=ER2tFNAgtDM" data-tp-sc-link-external="on" style="cursor: pointer" class="elementor-element elementor-element-6dd10d1 e-con-full e-flex e-con e-child" data-id="6dd10d1" data-element_type="container" data-e-type="container" data-settings="{&quot;background_background&quot;:&quot;video&quot;,&quot;background_video_link&quot;:&quot;https:\/\/www.youtube.com\/watch?v=ER2tFNAgtDM&quot;,&quot;background_video_start&quot;:1,&quot;background_video_end&quot;:99,&quot;background_play_on_mobile&quot;:&quot;yes&quot;}">
		<div class="elementor-background-video-container">
							<div class="elementor-background-video-embed" role="presentation"></div>
						</div>		</div>
					</div>
				</div>
				</div>
